{"id":522,"date":"2024-05-08T12:14:25","date_gmt":"2024-05-08T12:14:25","guid":{"rendered":"https:\/\/spidersgod.eu\/?page_id=522"},"modified":"2024-05-09T15:45:06","modified_gmt":"2024-05-09T15:45:06","slug":"o-nas","status":"publish","type":"page","link":"https:\/\/spidersgod.eu\/?page_id=522","title":{"rendered":"O nas"},"content":{"rendered":"\t\t<div data-elementor-type=\"wp-page\" data-elementor-id=\"522\" class=\"elementor elementor-522\">\n\t\t\t\t<div class=\"elementor-element elementor-element-4cc4fb6 e-grid e-con-boxed wpr-particle-no wpr-jarallax-no wpr-parallax-no wpr-sticky-section-no e-con e-parent\" data-id=\"4cc4fb6\" data-element_type=\"container\">\n\t\t\t\t\t<div class=\"e-con-inner\">\n\t\t\t\t<div class=\"elementor-element elementor-element-4395611 elementor-widget elementor-widget-image\" data-id=\"4395611\" data-element_type=\"widget\" data-widget_type=\"image.default\">\n\t\t\t\t<div class=\"elementor-widget-container\">\n\t\t\t\t\t\t\t\t\t\t\t\t\t\t\t<img fetchpriority=\"high\" decoding=\"async\" width=\"960\" height=\"641\" src=\"https:\/\/spidersgod.eu\/wp-content\/uploads\/2024\/05\/sebastianek3-scaled-1-1024x684.jpg\" class=\"attachment-large size-large wp-image-627\" alt=\"\" \/>\t\t\t\t\t\t\t\t\t\t\t\t\t\t\t<\/div>\n\t\t\t\t<\/div>\n\t\t\t\t<div class=\"elementor-element elementor-element-e857061 elementor-widget elementor-widget-text-editor\" data-id=\"e857061\" data-element_type=\"widget\" data-widget_type=\"text-editor.default\">\n\t\t\t\t<div class=\"elementor-widget-container\">\n\t\t\t\t\t\t\t\t\t<p>Hodowla ptasznik\u00f3w to moja pasja. Ale co to znaczy pasja?<\/p><p>\u00a0<\/p><p>Czy to, kiedy godzinami przesiadujesz nad terrarium ze swoim pupilem, bo w\u0142a\u015bnie przechodzi wylink\u0119?<\/p><p>\u00a0<\/p><p>Czy jest to komponowanie jego indywidualnego terrarium, zbieranie mchu, korzeni, by zrobi\u0107 mu najlepszy domek?<\/p><p>\u00a0<\/p><p>Mo\u017ce jest to karmienie i ekscytacja z polowania Twojego ptasznika?<\/p><p>\u00a0<\/p><p>Tak to jest pasja i mi\u0142o\u015b\u0107 do zwierz\u0105t.<\/p><p>\u00a0<\/p><p>Stworzyli\u015bmy t\u0119 stron\u0119 w\u0142a\u015bnie po to, by dzieli\u0107 si\u0119 z Wami nasz\u0105 pasj\u0105 i da\u0107 mo\u017cliwo\u015b\u0107 kupienia naszych nadwy\u017cek hodowlanych.<\/p><p>\u00a0<\/p><p>Serdecznie zapraszamy do naszego sklepu.<\/p><p>\u00a0<\/p><p>Sebastian Godzi\u0144ski<\/p>\t\t\t\t\t\t\t\t<\/div>\n\t\t\t\t<\/div>\n\t\t\t\t\t<\/div>\n\t\t\t\t<\/div>\n\t\t\t\t<\/div>\n\t\t","protected":false},"excerpt":{"rendered":"<p>Hodowla ptasznik\u00f3w to moja pasja. Ale co to znaczy pasja? \u00a0 Czy to, kiedy godzinami przesiadujesz nad terrarium ze swoim pupilem, bo w\u0142a\u015bnie przechodzi wylink\u0119? \u00a0 Czy jest to komponowanie jego indywidualnego terrarium, zbieranie mchu, korzeni, by zrobi\u0107 mu najlepszy domek? \u00a0 Mo\u017ce jest to karmienie i ekscytacja z polowania Twojego ptasznika? \u00a0 Tak to jest pasja i mi\u0142o\u015b\u0107 do zwierz\u0105t. \u00a0 Stworzyli\u015bmy t\u0119 stron\u0119 w\u0142a\u015bnie po to, by dzieli\u0107 si\u0119 z Wami nasz\u0105 pasj\u0105 i da\u0107 mo\u017cliwo\u015b\u0107 kupienia naszych nadwy\u017cek hodowlanych. \u00a0 Serdecznie zapraszamy do naszego sklepu. \u00a0 Sebastian Godzi\u0144ski<\/p>\n","protected":false},"author":1,"featured_media":0,"parent":0,"menu_order":0,"comment_status":"closed","ping_status":"closed","template":"","meta":{"footnotes":""},"class_list":{"0":"post-522","1":"page","2":"type-page","3":"status-publish","4":"hentry","5":"nt-post-class","6":"","7":"thumb-none","9":"excerpt-none"},"lang":"pl","translations":{"pl":522,"en":1148},"jetpack_sharing_enabled":true,"pll_sync_post":[],"_links":{"self":[{"href":"https:\/\/spidersgod.eu\/index.php?rest_route=\/wp\/v2\/pages\/522","targetHints":{"allow":["GET"]}}],"collection":[{"href":"https:\/\/spidersgod.eu\/index.php?rest_route=\/wp\/v2\/pages"}],"about":[{"href":"https:\/\/spidersgod.eu\/index.php?rest_route=\/wp\/v2\/types\/page"}],"author":[{"embeddable":true,"href":"https:\/\/spidersgod.eu\/index.php?rest_route=\/wp\/v2\/users\/1"}],"replies":[{"embeddable":true,"href":"https:\/\/spidersgod.eu\/index.php?rest_route=%2Fwp%2Fv2%2Fcomments&post=522"}],"version-history":[{"count":7,"href":"https:\/\/spidersgod.eu\/index.php?rest_route=\/wp\/v2\/pages\/522\/revisions"}],"predecessor-version":[{"id":633,"href":"https:\/\/spidersgod.eu\/index.php?rest_route=\/wp\/v2\/pages\/522\/revisions\/633"}],"wp:attachment":[{"href":"https:\/\/spidersgod.eu\/index.php?rest_route=%2Fwp%2Fv2%2Fmedia&parent=522"}],"curies":[{"name":"wp","href":"https:\/\/api.w.org\/{rel}","templated":true}]}}