{"id":3556,"date":"2026-03-08T19:59:52","date_gmt":"2026-03-08T19:59:52","guid":{"rendered":"https:\/\/spidersgod.eu\/?post_type=product&#038;p=3556"},"modified":"2026-03-08T19:59:52","modified_gmt":"2026-03-08T19:59:52","slug":"ceratogyrus-darlingi-l5-promocja-21-gratis","status":"publish","type":"product","link":"https:\/\/spidersgod.eu\/?product=ceratogyrus-darlingi-l5-promocja-21-gratis","title":{"rendered":"Ceratogyrus darlingi L5 PROMOCJA 2+1 GRATIS"},"content":{"rendered":"<h4><strong>Ceratogyrus darlingi \u2013 Ptasznik naziemny, bardzo agresywny, nie wyczesuje w\u0142osk\u00f3w parz\u0105cych. Ma charakterystyczny wyrostek na karapaksie -r\u00f3g, kt\u00f3ry pe\u0142ni funkcj\u0119 zaczepu mi\u0119\u015bni i innych narz\u0105d\u00f3w wewn\u0119trznych. Kopie tunele w pod\u0142o\u017cu i sporo paj\u0119czynuje. Samica robi kokon w formie hamaku.<\/strong><\/h4>\n","protected":false},"excerpt":{"rendered":"<p>Wybieraj\u0105c 1 produkt w tej promocji otrzymujesz za 60z\u0142<\/p>\n<p>3 sztuki Ceratogyrus darlingi L5<\/p>\n","protected":false},"featured_media":436,"comment_status":"open","ping_status":"closed","template":"","meta":[],"product_cat":[24,31],"product_tag":[67,61,83],"class_list":{"0":"post-3556","1":"product","2":"type-product","3":"status-publish","4":"has-post-thumbnail","6":"product_cat-maluchy","7":"product_cat-naziemne","8":"product_tag-l5","9":"product_tag-maluchy","10":"product_tag-naziemne","11":"nt-post-class","12":"","18":"first","19":"instock","20":"shipping-taxable","21":"purchasable","22":"product-type-simple"},"lang":"pl","translations":{"pl":3556},"jetpack_sharing_enabled":true,"pll_sync_post":[],"_links":{"self":[{"href":"https:\/\/spidersgod.eu\/index.php?rest_route=\/wp\/v2\/product\/3556","targetHints":{"allow":["GET"]}}],"collection":[{"href":"https:\/\/spidersgod.eu\/index.php?rest_route=\/wp\/v2\/product"}],"about":[{"href":"https:\/\/spidersgod.eu\/index.php?rest_route=\/wp\/v2\/types\/product"}],"replies":[{"embeddable":true,"href":"https:\/\/spidersgod.eu\/index.php?rest_route=%2Fwp%2Fv2%2Fcomments&post=3556"}],"version-history":[{"count":1,"href":"https:\/\/spidersgod.eu\/index.php?rest_route=\/wp\/v2\/product\/3556\/revisions"}],"predecessor-version":[{"id":3557,"href":"https:\/\/spidersgod.eu\/index.php?rest_route=\/wp\/v2\/product\/3556\/revisions\/3557"}],"wp:featuredmedia":[{"embeddable":true,"href":"https:\/\/spidersgod.eu\/index.php?rest_route=\/wp\/v2\/media\/436"}],"wp:attachment":[{"href":"https:\/\/spidersgod.eu\/index.php?rest_route=%2Fwp%2Fv2%2Fmedia&parent=3556"}],"wp:term":[{"taxonomy":"product_cat","embeddable":true,"href":"https:\/\/spidersgod.eu\/index.php?rest_route=%2Fwp%2Fv2%2Fproduct_cat&post=3556"},{"taxonomy":"product_tag","embeddable":true,"href":"https:\/\/spidersgod.eu\/index.php?rest_route=%2Fwp%2Fv2%2Fproduct_tag&post=3556"}],"curies":[{"name":"wp","href":"https:\/\/api.w.org\/{rel}","templated":true}]}}