{"id":3625,"date":"2026-04-14T07:28:27","date_gmt":"2026-04-14T07:28:27","guid":{"rendered":"https:\/\/spidersgod.eu\/?post_type=product&#038;p=3625"},"modified":"2026-04-14T07:31:29","modified_gmt":"2026-04-14T07:31:29","slug":"lasiodora-parahybana-l1-pakiet-10sztuk","status":"publish","type":"product","link":"https:\/\/spidersgod.eu\/?product=lasiodora-parahybana-l1-pakiet-10sztuk","title":{"rendered":"Lasiodora parahybana L1 Pakiet 10sztuk"},"content":{"rendered":"<div dir=\"auto\">Lasiodora parahybana \u2013 \u201cptasznik olbrzymi\u201d.<\/div>\n<div dir=\"auto\">To jeden z najwi\u0119kszych ptasznik\u00f3w na \u015bwiecie, osi\u0105gaj\u0105cy do 30 cm rozpi\u0119to\u015bci odn\u00f3\u017cy. Pochodzi z p\u00f3\u0142nocno-wschodniej Brazylii, gdzie zamieszkuje wilgotne lasy tropikalne. Charakteryzuje si\u0119 czarno-br\u0105zowym cia\u0142em z d\u0142ugimi jasnobr\u0105zowymi w\u0142osami. Samice mog\u0105 \u017cy\u0107 nawet do 20 lat. Jest to gatunek naziemny, spokojny, ale w sytuacji zagro\u017cenia potrafi dynamicznie przyspieszy\u0107 i broni\u0107 si\u0119, wyczesuj\u0105c w\u0142oski parz\u0105ce z odw\u0142oka.<\/div>\n<div dir=\"auto\">Ze wzgl\u0119du na imponuj\u0105ce rozmiary, \u0142agodne usposobienie i \u0142atwo\u015b\u0107 hodowli, jest popularnym wyborem zar\u00f3wno dla pocz\u0105tkuj\u0105cych, jak i do\u015bwiadczonych mi\u0142o\u015bnik\u00f3w egzotycznych paj\u0119czak\u00f3w.<\/div>\n","protected":false},"excerpt":{"rendered":"<p>Wybieraj\u0105c 1 produkt otrzymujesz pakiet 10sztuk Lasiodora parahybana L1<\/p>\n","protected":false},"featured_media":440,"comment_status":"open","ping_status":"closed","template":"","meta":[],"product_cat":[31,55,24],"product_tag":[57,51,61,83],"class_list":{"0":"post-3625","1":"product","2":"type-product","3":"status-publish","4":"has-post-thumbnail","6":"product_cat-naziemne","7":"product_cat-hurty","8":"product_cat-maluchy","9":"product_tag-hurty","10":"product_tag-l1","11":"product_tag-maluchy","12":"product_tag-naziemne","13":"nt-post-class","14":"","20":"first","21":"instock","22":"shipping-taxable","23":"purchasable","24":"product-type-simple"},"lang":"pl","translations":{"pl":3625},"jetpack_sharing_enabled":true,"pll_sync_post":[],"_links":{"self":[{"href":"https:\/\/spidersgod.eu\/index.php?rest_route=\/wp\/v2\/product\/3625","targetHints":{"allow":["GET"]}}],"collection":[{"href":"https:\/\/spidersgod.eu\/index.php?rest_route=\/wp\/v2\/product"}],"about":[{"href":"https:\/\/spidersgod.eu\/index.php?rest_route=\/wp\/v2\/types\/product"}],"replies":[{"embeddable":true,"href":"https:\/\/spidersgod.eu\/index.php?rest_route=%2Fwp%2Fv2%2Fcomments&post=3625"}],"version-history":[{"count":1,"href":"https:\/\/spidersgod.eu\/index.php?rest_route=\/wp\/v2\/product\/3625\/revisions"}],"predecessor-version":[{"id":3626,"href":"https:\/\/spidersgod.eu\/index.php?rest_route=\/wp\/v2\/product\/3625\/revisions\/3626"}],"wp:featuredmedia":[{"embeddable":true,"href":"https:\/\/spidersgod.eu\/index.php?rest_route=\/wp\/v2\/media\/440"}],"wp:attachment":[{"href":"https:\/\/spidersgod.eu\/index.php?rest_route=%2Fwp%2Fv2%2Fmedia&parent=3625"}],"wp:term":[{"taxonomy":"product_cat","embeddable":true,"href":"https:\/\/spidersgod.eu\/index.php?rest_route=%2Fwp%2Fv2%2Fproduct_cat&post=3625"},{"taxonomy":"product_tag","embeddable":true,"href":"https:\/\/spidersgod.eu\/index.php?rest_route=%2Fwp%2Fv2%2Fproduct_tag&post=3625"}],"curies":[{"name":"wp","href":"https:\/\/api.w.org\/{rel}","templated":true}]}}